0
What is the hundreds digit of 20440610?
6
What is the millions digit of 51099310?
1
What is the ten thousands digit of 957067494?
6
What is the millions digit of 113979428?
3
What is the hundred thousands digit of 23654370?
6
What is the thousands digit of 73318008?
8
What is the hundreds digit of 29458363?
3
What is the thousands digit of 1561080960?
0
What is the hundred thousands digit of 151793186?
7
What is the units digit of 1101463311?
1
What is the ten thousands digit of 3378632642?
3
What is the hundred thousands digit of 410900241?
9
What is the hundreds digit of 1940544?
5
What is the units digit of 162110?
0
What is the hundred millions digit of 176938106?
1
What is the units digit of 34313737?
7
What is the hundred millions digit of 142165772?
1
What is the hundred thousands digit of 14214838?
2
What is the ten millions digit of 81411490?
8
What is the hundred thousands digit of 41342628?
3
What is the millions digit of 445654896?
5
What is the hundred thousands digit of 16599871?
5
What is the millions digit of 953179814?
3
What is the hundred thousands digit of 21790434?
7
What is the tens digit of 9892704?
0
What is the millions digit of 47079377?
7
What is the units digit of 949041856?
6
What is the hundreds digit of 276662457?
4
What is the ten millions digit of 182709653?
8
What is the hundred millions digit of 271005607?
2
What is the tens digit of 2347612990?
9
What is the thousands digit of 210234390?
4
What is the units digit of 180085731?
1
What is the units digit of 44636622?
2
What is the tens digit of 1170469068?
6
What is the hundred thousands digit of 24819701?
8
What is the millions digit of 776663035?
6
What is the units digit of 3281726518?
8
What is the ten thousands digit of 81709011?
0
What is the units digit of 117835791?
1
What is the hundred thousands digit of 910563769?
5
What is the millions digit of 6646481?
6
What is the units digit of 122700089?
9
What is the units digit of 754926481?
1
What is the ten thousands digit of 423635781?
3
What is the hundred thousands digit of 141061424?
0
What is the ten thousands digit of 77058023?
5
What is the tens digit of 2356521973?
7
What is the hundreds digit of 20425975?
9
What is the hundreds digit of 10700286?
2
What is the hundreds digit of 484625077?
0
What is the tens digit of 107981238?
3
What is the tens digit of 720893106?
0
What is the tens digit of 4240990979?
7
What is the billions digit of 2674392877?
2
What is the units digit of 20056769?
9
What is the ten thousands digit of 6365074?
6
What is the units digit of 14849713?
3
What is the ten thousands digit of 82291651?
9
What is the hundred thousands digit of 220181037?
1
What is the thousands digit of 2999069529?
9
What is the hundred thousands digit of 8615502399?
5
What is the hundreds digit of 202147839?
8
What is the hundred thousands digit of 41478462?
4
What is the hundred thousands digit of 15986272?
9
What is the ten thousands digit of 362484219?
8
What is the millions digit of 59227882?
9
What is the thousands digit of 575680842?
0
What is the millions digit of 114193027?
4
What is the hundred millions digit of 1406958138?
4
What is the tens digit of 1041929954?
5
What is the tens digit of 14005323?
2
What is the millions digit of 159648659?
9
What is the thousands digit of 2362071610?
1
What is the millions digit of 20950308?
0
What is the millions digit of 34971586?
4
What is the thousands digit of 83780814?
0
What is the ten millions digit of 11873690?
1
What is the ten thousands digit of 1791728356?
2
What is the tens digit of 366028095?
9
What is the hundred millions digit of 347667201?
3
What is the units digit of 29815365?
5
What is the ten millions digit of 3185715930?
8
What is the thousands digit of 3898156?
8
What is the tens digit of 220740020?
2
What is the thousands digit of 32572595?
2
What is the millions digit of 101311851?
1
What is the tens digit of 26743125?
2
What is the ten millions digit of 71244757?
7
What is the hundreds digit of 1830227050?
0
What is the millions digit of 65571249?
5
What is the millions digit of 38921834?
8
What is the hundred millions digit of 763075705?
7
What is the billions digit of 1585149888?
1
What is the billions digit of 4767919317?
4
What is the ten millions digit of 17985677?
1
What is the ten thousands digit of 3390241675?
4
What is the millions digit of 79616012?
9
What is the hundred thousands digit of 406786440?
7
What is the units digit of 51170257?
7
What is the tens digit of 789312371?
7
What is the thousands digit of 439197779?
7
What is the ten thousands digit of 75857664?
5
What is the units digit of 48969952?
2
What is the units digit of 1986238513?
3
What is the hundreds digit of 114958695?
6
What is the hundred thousands digit of 2905993937?
9
What is the units digit of 33039281?
1
What is the tens digit of 36200742?
4
What is the tens digit of 54019729?
2
What is the tens digit of 47435238?
3
What is the hundreds digit of 104751749?
7
What is the ten thousands digit of 339700348?
0
What is the thousands digit of 402887869?
7
What is the thousands digit of 164536860?
6
What is the hundred thousands digit of 260088198?
0
What is the units digit of 25272091?
1
What is the ten millions digit of 2143815871?
4
What is the ten millions digit of 574945182?
7
What is the hundreds digit of 371223793?
7
What is the thousands digit of 228054070?
4
What is the thousands digit of 2674687187?
7
What is the billions digit of 7758703213?
7
What is the tens digit of 5042775448?
4
What is the hundred millions digit of 7139741400?
1
What is the units digit of 3727942528?
8
What is the hundred thousands digit of 720979723?
9
What is the hundreds digit of 2489618813?
8
What is the hundred thousands digit of 4046255287?
2
What is the millions digit of 58415384?
8
What is the hundred millions digit of 789814764?
7
What is the hundred millions digit of 316944270?
3
What is the hundred millions digit of 1603663219?
6
What is the hundreds digit of 92450016?
0
What is the hundreds digit of 127154468?
4
What is the millions digit of 304557306?
4
What is the units digit of 3223001826?
6
What is the tens digit of 75258778?
7
What is the billions digit of 3742216573?
3
What is the millions digit of 184460768?
4
What is the hundreds digit of 555644560?
5
What is the hundreds digit of 912341555?
5
What is the ten thousands digit of 5076452?
7
What is the thousands digit of 422825247?
5
What is the hundred thousands digit of 179217223?
2
What is the thousands digit of 921475774?
5
What is the units digit of 125271882?
2
What is the ten thousands digit of 571115187?
1
What is the thousands digit of 872560348?
0
What is the hundreds digit of 298435817?
8
What is the billions digit of 6137214369?
6
What is the ten thousands digit of 81386506?
8
What is the tens digit of 1509546015?
1
What is the hundred millions digit of 1266357525?
2
What is the tens digit of 337755722?
2
What is the tens digit of 15570947?
4
What is the hundred millions digit of 439488188?
4
What is the ten millions digit of 5691557726?
9
What is the units digit of 95122938?
8
What is the ten millions digit of 13131261?
1
What is the units digit of 955064922?
2
What is the units digit of 529419328?
8
What is the ten millions digit of 375655670?
7
What is the units digit of 104309865?
5
What is the units digit of 1823636066?
6
What is the hundreds digit of 2118009305?
3
What is the hundred thousands digit of 130960547?
9
What is the billions digit of 2307233390?
2
What is the billions digit of 2063380949?
2
What is the ten millions digit of 1414039007?
1
What is the units digit of 44763577?
7
What is the tens digit of 1766261010?
1
What is the hundreds digit of 8255779578?
5
What is the units digit of 4031083614?
4
What is the thousands digit of 31475188?
5
What is the millions digit of 1756044896?
6
What is the hundreds digit of 7624495?
4
What is the ten millions digit of 24417617?
2
What is the millions digit of 50970937?
0
What is the units digit of 4082886?
6
What is the ten thousands digit of 298751515?
5
What is the hundred millions digit of 104006806?
1
What is the ten thousands digit of 247290862?
9
What is the hundred thousands digit of 8557663?
5
What is the hundred millions 